*p - 42 = m. What are the prime factors of p?
11
Suppose q = -4*q - 15. Let k = q - -3. Let o(n) = -n + 12. What are the prime factors of o(k)?
2, 3
Let w be (2/6)/(2/42). Suppose 0 = -w*h + 3*h + 12. List the prime factors of h.
3
Let x(m) = 30*m**3. Let l be x(1). Suppose 25 = 5*d, 3*s - 3*d = -2*d + 7. Suppose -k = 2*a - l, 0 = -0*k - k - s. List the prime factors of a.
17
Suppose l = 3*c - 30, -3*c + 25 - 1 = -3*l. Suppose -s = -4 - c. What are the prime factors of s?
3, 5
Let z(t) = 4*t**2 - t + 1. What are the prime factors of z(3)?
2, 17
Suppose 4 = z, 5*s - 9 + 78 = z. Let m = -18 - s. Let n(t) = -t + 5. What are the prime factors of n(m)?
2, 5
Suppose 0*f = 4*g - 2*f - 30, -21 = -g + 5*f. Let h = g - 4. List the prime factors of h.
2
Let q be 6/(-33) - (-128)/(-22). Let x be ((-3)/(-2))/(q/8). List the prime factors of 16/(-2)*(x + 1).
2
Suppose 5*q = 3*f - 270, -5*f + 283 = 5*q - 207. List the prime factors of f.
5, 19
Suppose 2*d - q - 9 = 53, 0 = -4*q - 8. List the prime factors of d.
2, 3, 5
Suppose 5*t - 22 = 38. Suppose t = 3*x - 2*x. What are the prime factors of x?
2, 3
Suppose 0 = -3*p + 9, -3*q + p + 1137 = q. List the prime factors of q.
3, 5, 19
Let v = -7 + 31. Suppose -3*i + 93 = v. List the prime factors of i.
23
Let k(x) = -x**2 + 8*x + 9. Let c be (-8)/(-3)*(-36)/(-16). What are the prime factors of k(c)?
3, 7
Let v be 3/(-12) + (-84)/(-16). Suppose 0 = 6*m - v*m - 13. List the prime factors of m.
13
Suppose 3*k - 7*k + 140 = 0. What are the prime factors of k?
5, 7
Suppose 28 = -3*k + 7*k. Let v(c) be the third derivative of c**5/60 - c**4/8 - 3*c**3/2 - 5*c**2. List the prime factors of v(k).
19
Suppose 3*k + 0*k - 3 = 0. Let l(s) = 4*s**3 - s + 1. Let y be l(k). What are the prime factors of ((-5)/y)/(2/(-16))?
2, 5
Let g = 4 - 1. List the prime factors of (-4)/((-3)/(4*g)).
2
Let t(w) = w**3 + 15*w**2 + 9*w - 19. What are the prime factors of t(-14)?
3, 17
Let m be ((-5)/(-1))/(-6 - -7). List the prime factors of 8/m*(-5)/(-2).
2
Suppose 2*j - 3 = -j. Let u be -11 + j + (-3 - -1). Let b = 22 + u. What are the prime factors of b?
2, 5
Let n(g) = -5*g**3 - 2*g**2 - 2*g - 1. Let h be n(-1). Suppose -h = -5*s + 6. Suppose 0 = -3*o - 3*p - 0 + 3, -s*p = -3*o + 8. List the prime factors of o.
2
Let q(w) = w**2 - 4*w - 8. What are the prime factors of q(-8)?
2, 11
Let c(p) = p**2 - 3. Let u = -15 + 29. Let i = 10 - u. What are the prime factors of c(i)?
13
Let m(a) = -5*a - 2. Let v be m(-2). Let r(u) = 2*u - 6. What are the prime factors of r(v)?
2, 5
Let p(c) = -8*c - 9. What are the prime factors of p(-8)?
5, 11
Let g be 1/(-4)*(11 - 15). List the prime factors of (-2 + -4)*(g - 7).
2, 3
Suppose -5*k + 18 + 22 = -3*n, -3*k + 24 = 3*n. Suppose 40 = 2*a + k*d - 3*d, 4*d + 22 = 2*a. List the prime factors of a.
3, 5
Suppose 2*l - 6 = -38. List the prime factors of l/(-24)*81/2.
3
Suppose 5*x - x - 212 = 0. What are the prime factors of x?
53
Suppose 4*b - 132 = 132. What are the prime factors of b?
2, 3, 11
Let a(g) = -g + 19. List the prime factors of a(-6).
5
Suppose -50 = -l - l. Suppose -4*t + l = -15. What are the prime factors of t?
2, 5
Let g be 14 - 1*(-5 - -4). Let h = 29 - 49. List the prime factors of ((-36)/g)/(4/h).
2, 3
Suppose -148 = 7*n - 9*n. List the prime factors of n.
2, 37
Let b(a) = -2*a**2 - 9*a + 9. Let h be b(-7). List the prime factors of (-4)/h - (-219)/13.
17
Suppose -2*c - 224 = -5*v - 27, 5*v + c - 194 = 0. List the prime factors of v.
3, 13
Let n be (-10)/(-6) + 4/12. Suppose -2*s + 5*x = -16, n*x - 62 = -3*s - 0*x. Let d = s + -13. List the prime factors of d.
5
Suppose 4*b - 7 = 5*b. Let m(i) = i**2 + 7*i + 3. Let z be m(b). Suppose z*a - 13 = 14. List the prime factors of a.
3
Let n(a) = a**2 + 2*a - 1. Let m be n(-3). Suppose 3*q - m = -v, -4*q - 3*v = 3 - 9. Suppose -b = -q*b - 14. List the prime factors of b.
2, 7
Suppose -3 = -3*h + 33. Let m = 7 + h. What are the prime factors of m?
19
Let b = 1 + -2. Suppose 6 = r + 7. List the prime factors of 3 + (-1 - b) - r.
2
Let m be (-2 - -8) + 1 + -1. Suppose -k + m = k. What are the prime factors of k?
3
Let f(s) be the first derivative of -13*s**2/2 - 3*s + 3. Let q be ((-6)/4)/(6/8). List the prime factors of f(q).
23
Let j(o) be the third derivative of o**5/60 + o**4/4 - o**3/2 - o**2. List the prime factors of j(-10).
37
Suppose t + 6 = -4. Let k = -5 + 22. Let s = t + k. What are the prime factors of s?
7
Let j = 493 + -280. What are the prime factors of j?
3, 71
Let o(c) = -5*c**3 + c**2 - 2*c + 4. Let b(i) = -6*i**3 - 2*i + 5. Let n(y) = -4*b(y) + 5*o(y). Let x be n(2). Let w(d) = d + 7. List the prime factors of w(x).
3, 5
Suppose -2*w - 3*w = -4*a + 22, -3*w = -5*a + 21. List the prime factors of a.
3
Let y(o) be the second derivative of 1/2*o**2 + 0 - o + 1/6*o**3. List the prime factors of y(5).
2, 3
Suppose -7*c = -1106 + 77. List the prime factors of c.
3, 7
Let t = 282 - 196. List the prime factors of t.
2, 43
Let r = -264 + 413. Suppose -4*j + r = -5*s + 37, -3*j - 5*s + 49 = 0. What are the prime factors of j?
23
What are the prime factors of (-2)/6 + 94/3?
31
Suppose 0 = 2*t - 5*d - 16, 4*d - 8 = 2*t + 5*d. Let v be 2/6*(2 + t). Suppose -4 = -2*m, j + 2*m - 6 = -v*j. What are the prime factors of j?
2
Let m be ((-8)/10)/((-2)/95). Let d = m + -24. What are the prime factors of d?
2, 7
Suppose 0 = 4*s - 2*s - 3*c - 52, 3*c = 4*s - 92. What are the prime factors of s?
2, 5
List the prime factors of ((-3)/4)/(2/(-16)).
2, 3
Let k(w) = 58*w**2 + 2*w - 1. Let u be k(1). Let o = u - 30. What are the prime factors of o?
29
Suppose 2*w = -2 - 6, 2*w + 18 = 5*r. Suppose -r*z + 16 = -30. Let g = z + -16. List the prime factors of g.
7
Let n(v) = 147*v**2 + 1. What are the prime factors of n(1)?
2, 37
Suppose 7*j - 3*j = 192. Let t = -23 + j. List the prime factors of t.
5
Let i(s) = 2*s**2 - 1. Let b be i(1). Let c be b + 1 + 7 + -1. Let o(k) = -k**3 + 7*k**2 + 10*k - 4. List the prime factors of o(c).
2, 3
Suppose 8 = 2*r - 6. Let n = 0 + r. What are the prime factors of n?
7
What are the prime factors of -99*3/(-3*3)?
3, 11
Suppose a = -4*x + 43, -68 = 4*a + 4*x - 276. List the prime factors of a.
5, 11
Let c(v) = 19*v. List the prime factors of c(3).
3, 19
Let r(o) = 3*o**3 - o**2 + 2*o - 1. Let g be r(1). Let t(a) = -g*a + 2*a + 1 - 3. List the prime factors of t(-9).
7
Let a(q) be the first derivative of q**3/3 - 11*q**2/2 - 3*q + 2. What are the prime factors of a(12)?
3
Let q be (-11 + 12)/(1/48). Let z = q + -34. List the prime factors of z.
2, 7
Suppose -5*s - 476 = -12*s. List the prime factors of s.
2, 17
Let a = 826 - 474. List the prime factors of a.
2, 11
Let h(w) = w**2 - w + 1. Let o(s) = 6*s - 4. Let q(k) = h(k) + o(k). Suppose 3*z + 3*t + 3 = 0, -3*t + 23 = -4*z - 16. What are the prime factors of q(z)?
3
Let h(l) be the second derivative of 1/20*l**5 + 5/12*l**4 + 0 - 3*l + 1/2*l**2 + 1/3*l**3. What are the prime factors of h(-4)?
3
Suppose 4*z + 6 = -2*z. List the prime factors of z/3*(-41 + 8).
11
Suppose 4*s + 114 = 4*m - 58, -3*s + 23 = m. What are the prime factors of m?
2, 19
Let y(g) = g**3 - 4*g**2 + 12*g - 11. What are the prime factors of y(8)?
11, 31
Suppose 0 = -4*v + 129 + 123. List the prime factors of v.
3, 7
Let l(w) = -w**2 - 5*w + 3. Suppose 2*g + 10 = -0. Let a be l(g). List the prime factors of (11 - (a + -1))*1.
3
Let y be ((-2)/3)/((-4)/(-6)). Let k be (-1)/(y*(2 - 1)). List the prime factors of (8/6)/(k/9).
2, 3
Let d(p) = p**2 + 9*p + 2. Let z be d(-9). Suppose -z*o = -24 + 8. Suppose -o - 3 = -m. List the prime factors of m.
11
Suppose 0 = 3*f - 9 - 9. List the prime factors of (-4 + f)/(2/21).
3, 7
Let w(d) = 15*d - 40. What are the prime factors of w(6)?
2, 5
Let d = 2 - 6. List the prime factors of 23/d*(-1 - 3).
23
Suppose 2*c - 3 - 1 = 0. Suppose -c*n = -1 - 11. What are the prime factors of n?
2, 3
Suppose 0 = 3*v - v - 12. Suppose -4*m - 4 = -2*m. Let w = v - m. List the prime factors of w.
2
Suppose 4*r - 8 = 0, -6*r - 506 = -3*q - r. List the prime factors of q.
2, 43
Suppose -21 = -d + 36. List the prime factors of d.
3, 19
Let i(s) = s**2 + 5*s + 5. Let f = -11 + 1. Let k be f/(3 - (-1 + 2)). List the prime factors of i(k).
5
Let a(i) = -4*i. Suppose 4*w + 4 = 4*v, -2*v - 5